{"id":4161,"date":"2021-03-04T08:27:59","date_gmt":"2021-03-04T08:27:59","guid":{"rendered":"https:\/\/www.academiebelgium.be\/?page_id=4161"},"modified":"2025-10-10T10:21:16","modified_gmt":"2025-10-10T10:21:16","slug":"organigram-aba","status":"publish","type":"page","link":"https:\/\/www.academiebelgium.be\/fr\/organigram-aba\/","title":{"rendered":"Organigramme ABA"},"content":{"rendered":"<h4><strong>Conseil d&rsquo;administration &#8211; Bestuur\u00a0 \u00a0 \u00a0 \u00a0 \u00a0 Sept 2020 &#8211; (update 01.09.2025)<\/strong><\/h4>\n<p><strong>Pr\u00e9sident \u2013 Voorzitter<\/strong><\/p>\n<p>Hendrik Slabbinck<br \/>\nRue Grande Duchesse Charlotte 55<br \/>\nL-9515 Wiltz\u00a0 (Grand Duch\u00e9 du Luxembourg)<br \/>\nGSM\u00a0\u00a0 \u00a0+32.475.233938<br \/>\n<a href=\"mailto:henk@hslabbinck.eu\">henk@hslabbinck.eu<\/a><\/p>\n<p>&nbsp;<\/p>\n<p><strong>Vice-Pr\u00e9sident \u2013 Ondervoorzitter<\/strong><\/p>\n<p>Mark Bottu<br \/>\nPatijntjestraat\u00a0 168<br \/>\n9000 Gent<br \/>\nTel \u00a0\u00a0 09.2200494<br \/>\nGSM\u00a0\u00a0 0475.563229<br \/>\n<a href=\"mailto:Mark.bottu@telenet.be\">mark.bottu@telenet.be<\/a><\/p>\n<p>&nbsp;<\/p>\n<p><strong>Vice-Pr\u00e9sident \u2013 Ondervoorzitter<\/strong><\/p>\n<p>Charles Bruart<br \/>\nRue Culot du Bois 111<br \/>\n5060 Sambreville<br \/>\nTel \u00a0\u00a0 071.771055<br \/>\n<u><a href=\"mailto:charles.bruart@proximus.be\">charles.bruart@proximus.be<\/a><\/u><\/p>\n<p>&nbsp;<\/p>\n<p><strong>Secr\u00e9taire g\u00e9n\u00e9ral \u2013 Secretaris -generaal (01.09.2025)<\/strong><\/p>\n<p>Alain Pierret<br \/>\nElsakkerweg 1 d<br \/>\n9830 Sint-Martens-Latem<br \/>\nTel\u00a0\u00a0 09.2822989 &#8211; GSM \u00a0\u00a00473.528423<br \/>\n<a href=\"mailto:alain.pierret@belgacom.net\">alain.pierret@belgacom.net<\/a><\/p>\n<p>&nbsp;<\/p>\n<p><strong>Tr\u00e9sorier \u2013 Schatbewaarder<\/strong><\/p>\n<p>Daniel Goffin<br \/>\nChemin des Carriers\u00a0 103 ,<br \/>\n1370 Jodoigne<br \/>\nTel\u00a0\u00a0 \u00a0010.813211<br \/>\n<a href=\"mailto:Dan.goffin@skynet.be\">dan.goffin@skynet.be<\/a><\/p>\n<p>&nbsp;<\/p>\n<p><strong>Conseiller \u2013 Raadslid<\/strong><\/p>\n<p>Vincent Schouberechts<br \/>\nKardinaal Sterckxlaan 53<br \/>\n1860 Meise<br \/>\nGSM\u00a0\u00a0 0474.848439<br \/>\n<a href=\"mailto:victoria2000@telenet.be\">victoria2000@telenet.be<\/a><\/p>\n<p>&nbsp;<\/p>\n<p><strong>Conseiller \u2013 Raadslid (25.01.2025)<\/strong><\/p>\n<p>Francis Kinard<br \/>\nrue du Calvaire 17<br \/>\n6791 Guerlange<br \/>\nTel\u00a0 063.38.83.08<\/p>\n<p>&nbsp;<\/p>\n<p><strong>Conseiller \u2013 Raadslid (01.09.2025)<\/strong><\/p>\n<p>Guy Coutant<br \/>\nWijngaard \u00a032<br \/>\n9831 Deurle<br \/>\nTel \u00a0 09.2827973<br \/>\n<a href=\"mailto:Guy.coutant@skynet.be\">guy.coutant@skynet.be<\/a><\/p>\n","protected":false},"excerpt":{"rendered":"<p>Conseil d&rsquo;administration &#8211; Bestuur\u00a0 \u00a0 \u00a0 \u00a0 \u00a0 Sept 2020 &#8211; (update 01.09.2025) Pr\u00e9sident \u2013 Voorzitter Hendrik Slabbinck Rue Grande Duchesse Charlotte 55 L-9515 Wiltz\u00a0 (Grand Duch\u00e9 du Luxembourg) GSM\u00a0\u00a0 \u00a0+32.475.233938 henk@hslabbinck.eu &nbsp; Vice-Pr\u00e9sident \u2013 Ondervoorzitter Mark Bottu Patijntjestraat\u00a0 168 9000 Gent Tel \u00a0\u00a0 09.2200494 GSM\u00a0\u00a0 0475.563229 mark.bottu@telenet.be &nbsp; Vice-Pr\u00e9sident \u2013 Ondervoorzitter Charles Bruart Rue [&hellip;]<\/p>\n","protected":false},"author":1,"featured_media":0,"parent":0,"menu_order":0,"comment_status":"closed","ping_status":"closed","template":"template-innerpage.php","meta":{"_acf_changed":false,"_exactmetrics_skip_tracking":false,"_exactmetrics_sitenote_active":false,"_exactmetrics_sitenote_note":"","_exactmetrics_sitenote_category":0,"footnotes":""},"class_list":["post-4161","page","type-page","status-publish","hentry"],"acf":[],"yoast_head":"<!-- This site is optimized with the Yoast SEO plugin v27.0 - https:\/\/yoast.com\/product\/yoast-seo-wordpress\/ -->\n<title>Organigramme ABA - Academy Belgium<\/title>\n<meta name=\"robots\" content=\"index, follow, max-snippet:-1, max-image-preview:large, max-video-preview:-1\" \/>\n<link rel=\"canonical\" href=\"https:\/\/www.academiebelgium.be\/fr\/organigram-aba\/\" \/>\n<meta property=\"og:locale\" content=\"fr_FR\" \/>\n<meta property=\"og:type\" content=\"article\" \/>\n<meta property=\"og:title\" content=\"Organigramme ABA - Academy Belgium\" \/>\n<meta property=\"og:description\" content=\"Conseil d&rsquo;administration &#8211; Bestuur\u00a0 \u00a0 \u00a0 \u00a0 \u00a0 Sept 2020 &#8211; (update 01.09.2025) Pr\u00e9sident \u2013 Voorzitter Hendrik Slabbinck Rue Grande Duchesse Charlotte 55 L-9515 Wiltz\u00a0 (Grand Duch\u00e9 du Luxembourg) GSM\u00a0\u00a0 \u00a0+32.475.233938 henk@hslabbinck.eu &nbsp; Vice-Pr\u00e9sident \u2013 Ondervoorzitter Mark Bottu Patijntjestraat\u00a0 168 9000 Gent Tel \u00a0\u00a0 09.2200494 GSM\u00a0\u00a0 0475.563229 mark.bottu@telenet.be &nbsp; Vice-Pr\u00e9sident \u2013 Ondervoorzitter Charles Bruart Rue [&hellip;]\" \/>\n<meta property=\"og:url\" content=\"https:\/\/www.academiebelgium.be\/fr\/organigram-aba\/\" \/>\n<meta property=\"og:site_name\" content=\"Academy Belgium\" \/>\n<meta property=\"article:modified_time\" content=\"2025-10-10T10:21:16+00:00\" \/>\n<meta name=\"twitter:card\" content=\"summary_large_image\" \/>\n<meta name=\"twitter:label1\" content=\"Dur\u00e9e de lecture estim\u00e9e\" \/>\n\t<meta name=\"twitter:data1\" content=\"1 minute\" \/>\n<script type=\"application\/ld+json\" class=\"yoast-schema-graph\">{\"@context\":\"https:\/\/schema.org\",\"@graph\":[{\"@type\":\"WebPage\",\"@id\":\"https:\/\/www.academiebelgium.be\/fr\/organigram-aba\/\",\"url\":\"https:\/\/www.academiebelgium.be\/fr\/organigram-aba\/\",\"name\":\"Organigramme ABA - Academy Belgium\",\"isPartOf\":{\"@id\":\"https:\/\/www.academiebelgium.be\/nl\/#website\"},\"datePublished\":\"2021-03-04T08:27:59+00:00\",\"dateModified\":\"2025-10-10T10:21:16+00:00\",\"breadcrumb\":{\"@id\":\"https:\/\/www.academiebelgium.be\/fr\/organigram-aba\/#breadcrumb\"},\"inLanguage\":\"fr-FR\",\"potentialAction\":[{\"@type\":\"ReadAction\",\"target\":[\"https:\/\/www.academiebelgium.be\/fr\/organigram-aba\/\"]}]},{\"@type\":\"BreadcrumbList\",\"@id\":\"https:\/\/www.academiebelgium.be\/fr\/organigram-aba\/#breadcrumb\",\"itemListElement\":[{\"@type\":\"ListItem\",\"position\":1,\"name\":\"Home\",\"item\":\"https:\/\/www.academiebelgium.be\/fr\/home\/\"},{\"@type\":\"ListItem\",\"position\":2,\"name\":\"Organigramme ABA\"}]},{\"@type\":\"WebSite\",\"@id\":\"https:\/\/www.academiebelgium.be\/nl\/#website\",\"url\":\"https:\/\/www.academiebelgium.be\/nl\/\",\"name\":\"Academy Belgium\",\"description\":\"Just another WordPress site\",\"publisher\":{\"@id\":\"https:\/\/www.academiebelgium.be\/nl\/#organization\"},\"potentialAction\":[{\"@type\":\"SearchAction\",\"target\":{\"@type\":\"EntryPoint\",\"urlTemplate\":\"https:\/\/www.academiebelgium.be\/nl\/?s={search_term_string}\"},\"query-input\":{\"@type\":\"PropertyValueSpecification\",\"valueRequired\":true,\"valueName\":\"search_term_string\"}}],\"inLanguage\":\"fr-FR\"},{\"@type\":\"Organization\",\"@id\":\"https:\/\/www.academiebelgium.be\/nl\/#organization\",\"name\":\"Academy Belgium\",\"url\":\"https:\/\/www.academiebelgium.be\/nl\/\",\"logo\":{\"@type\":\"ImageObject\",\"inLanguage\":\"fr-FR\",\"@id\":\"https:\/\/www.academiebelgium.be\/nl\/#\/schema\/logo\/image\/\",\"url\":\"https:\/\/www.academiebelgium.be\/wp-content\/uploads\/2018\/10\/logo.png\",\"contentUrl\":\"https:\/\/www.academiebelgium.be\/wp-content\/uploads\/2018\/10\/logo.png\",\"width\":125,\"height\":125,\"caption\":\"Academy Belgium\"},\"image\":{\"@id\":\"https:\/\/www.academiebelgium.be\/nl\/#\/schema\/logo\/image\/\"}}]}<\/script>\n<!-- \/ Yoast SEO plugin. -->","yoast_head_json":{"title":"Organigramme ABA - Academy Belgium","robots":{"index":"index","follow":"follow","max-snippet":"max-snippet:-1","max-image-preview":"max-image-preview:large","max-video-preview":"max-video-preview:-1"},"canonical":"https:\/\/www.academiebelgium.be\/fr\/organigram-aba\/","og_locale":"fr_FR","og_type":"article","og_title":"Organigramme ABA - Academy Belgium","og_description":"Conseil d&rsquo;administration &#8211; Bestuur\u00a0 \u00a0 \u00a0 \u00a0 \u00a0 Sept 2020 &#8211; (update 01.09.2025) Pr\u00e9sident \u2013 Voorzitter Hendrik Slabbinck Rue Grande Duchesse Charlotte 55 L-9515 Wiltz\u00a0 (Grand Duch\u00e9 du Luxembourg) GSM\u00a0\u00a0 \u00a0+32.475.233938 henk@hslabbinck.eu &nbsp; Vice-Pr\u00e9sident \u2013 Ondervoorzitter Mark Bottu Patijntjestraat\u00a0 168 9000 Gent Tel \u00a0\u00a0 09.2200494 GSM\u00a0\u00a0 0475.563229 mark.bottu@telenet.be &nbsp; Vice-Pr\u00e9sident \u2013 Ondervoorzitter Charles Bruart Rue [&hellip;]","og_url":"https:\/\/www.academiebelgium.be\/fr\/organigram-aba\/","og_site_name":"Academy Belgium","article_modified_time":"2025-10-10T10:21:16+00:00","twitter_card":"summary_large_image","twitter_misc":{"Dur\u00e9e de lecture estim\u00e9e":"1 minute"},"schema":{"@context":"https:\/\/schema.org","@graph":[{"@type":"WebPage","@id":"https:\/\/www.academiebelgium.be\/fr\/organigram-aba\/","url":"https:\/\/www.academiebelgium.be\/fr\/organigram-aba\/","name":"Organigramme ABA - Academy Belgium","isPartOf":{"@id":"https:\/\/www.academiebelgium.be\/nl\/#website"},"datePublished":"2021-03-04T08:27:59+00:00","dateModified":"2025-10-10T10:21:16+00:00","breadcrumb":{"@id":"https:\/\/www.academiebelgium.be\/fr\/organigram-aba\/#breadcrumb"},"inLanguage":"fr-FR","potentialAction":[{"@type":"ReadAction","target":["https:\/\/www.academiebelgium.be\/fr\/organigram-aba\/"]}]},{"@type":"BreadcrumbList","@id":"https:\/\/www.academiebelgium.be\/fr\/organigram-aba\/#breadcrumb","itemListElement":[{"@type":"ListItem","position":1,"name":"Home","item":"https:\/\/www.academiebelgium.be\/fr\/home\/"},{"@type":"ListItem","position":2,"name":"Organigramme ABA"}]},{"@type":"WebSite","@id":"https:\/\/www.academiebelgium.be\/nl\/#website","url":"https:\/\/www.academiebelgium.be\/nl\/","name":"Academy Belgium","description":"Just another WordPress site","publisher":{"@id":"https:\/\/www.academiebelgium.be\/nl\/#organization"},"potentialAction":[{"@type":"SearchAction","target":{"@type":"EntryPoint","urlTemplate":"https:\/\/www.academiebelgium.be\/nl\/?s={search_term_string}"},"query-input":{"@type":"PropertyValueSpecification","valueRequired":true,"valueName":"search_term_string"}}],"inLanguage":"fr-FR"},{"@type":"Organization","@id":"https:\/\/www.academiebelgium.be\/nl\/#organization","name":"Academy Belgium","url":"https:\/\/www.academiebelgium.be\/nl\/","logo":{"@type":"ImageObject","inLanguage":"fr-FR","@id":"https:\/\/www.academiebelgium.be\/nl\/#\/schema\/logo\/image\/","url":"https:\/\/www.academiebelgium.be\/wp-content\/uploads\/2018\/10\/logo.png","contentUrl":"https:\/\/www.academiebelgium.be\/wp-content\/uploads\/2018\/10\/logo.png","width":125,"height":125,"caption":"Academy Belgium"},"image":{"@id":"https:\/\/www.academiebelgium.be\/nl\/#\/schema\/logo\/image\/"}}]}},"_links":{"self":[{"href":"https:\/\/www.academiebelgium.be\/fr\/wp-json\/wp\/v2\/pages\/4161","targetHints":{"allow":["GET"]}}],"collection":[{"href":"https:\/\/www.academiebelgium.be\/fr\/wp-json\/wp\/v2\/pages"}],"about":[{"href":"https:\/\/www.academiebelgium.be\/fr\/wp-json\/wp\/v2\/types\/page"}],"author":[{"embeddable":true,"href":"https:\/\/www.academiebelgium.be\/fr\/wp-json\/wp\/v2\/users\/1"}],"replies":[{"embeddable":true,"href":"https:\/\/www.academiebelgium.be\/fr\/wp-json\/wp\/v2\/comments?post=4161"}],"version-history":[{"count":6,"href":"https:\/\/www.academiebelgium.be\/fr\/wp-json\/wp\/v2\/pages\/4161\/revisions"}],"predecessor-version":[{"id":5896,"href":"https:\/\/www.academiebelgium.be\/fr\/wp-json\/wp\/v2\/pages\/4161\/revisions\/5896"}],"wp:attachment":[{"href":"https:\/\/www.academiebelgium.be\/fr\/wp-json\/wp\/v2\/media?parent=4161"}],"curies":[{"name":"wp","href":"https:\/\/api.w.org\/{rel}","templated":true}]}}

<h4><strong>Conseil d&rsquo;administration &#8211; Bestuur          Sept 2020 &#8211; (update 01.09.2025)</strong></h4>
<p><strong>Président – Voorzitter</strong></p>
<p>Hendrik Slabbinck<br />
Rue Grande Duchesse Charlotte 55<br />
L-9515 Wiltz  (Grand Duché du Luxembourg)<br />
GSM    +32.475.233938<br />
<a href="mailto:henk@hslabbinck.eu">henk@hslabbinck.eu</a></p>
<p>&nbsp;</p>
<p><strong>Vice-Président – Ondervoorzitter</strong></p>
<p>Mark Bottu<br />
Patijntjestraat  168<br />
9000 Gent<br />
Tel    09.2200494<br />
GSM   0475.563229<br />
<a href="mailto:Mark.bottu@telenet.be">mark.bottu@telenet.be</a></p>
<p>&nbsp;</p>
<p><strong>Vice-Président – Ondervoorzitter</strong></p>
<p>Charles Bruart<br />
Rue Culot du Bois 111<br />
5060 Sambreville<br />
Tel    071.771055<br />
<u><a href="mailto:charles.bruart@proximus.be">charles.bruart@proximus.be</a></u></p>
<p>&nbsp;</p>
<p><strong>Secrétaire général – Secretaris -generaal (01.09.2025)</strong></p>
<p>Alain Pierret<br />
Elsakkerweg 1 d<br />
9830 Sint-Martens-Latem<br />
Tel   09.2822989 &#8211; GSM   0473.528423<br />
<a href="mailto:alain.pierret@belgacom.net">alain.pierret@belgacom.net</a></p>
<p>&nbsp;</p>
<p><strong>Trésorier – Schatbewaarder</strong></p>
<p>Daniel Goffin<br />
Chemin des Carriers  103 ,<br />
1370 Jodoigne<br />
Tel    010.813211<br />
<a href="mailto:Dan.goffin@skynet.be">dan.goffin@skynet.be</a></p>
<p>&nbsp;</p>
<p><strong>Conseiller – Raadslid</strong></p>
<p>Vincent Schouberechts<br />
Kardinaal Sterckxlaan 53<br />
1860 Meise<br />
GSM   0474.848439<br />
<a href="mailto:victoria2000@telenet.be">victoria2000@telenet.be</a></p>
<p>&nbsp;</p>
<p><strong>Conseiller – Raadslid (25.01.2025)</strong></p>
<p>Francis Kinard<br />
rue du Calvaire 17<br />
6791 Guerlange<br />
Tel  063.38.83.08</p>
<p>&nbsp;</p>
<p><strong>Conseiller – Raadslid (01.09.2025)</strong></p>
<p>Guy Coutant<br />
Wijngaard  32<br />
9831 Deurle<br />
Tel   09.2827973<br />
<a href="mailto:Guy.coutant@skynet.be">guy.coutant@skynet.be</a></p>

<p>Conseil d&rsquo;administration &#8211; Bestuur          Sept 2020 &#8211; (update 01.09.2025) Président – Voorzitter Hendrik Slabbinck Rue Grande Duchesse Charlotte 55 L-9515 Wiltz  (Grand Duché du Luxembourg) GSM    +32.475.233938 henk@hslabbinck.eu &nbsp; Vice-Président – Ondervoorzitter Mark Bottu Patijntjestraat  168 9000 Gent Tel    09.2200494 GSM   0475.563229 mark.bottu@telenet.be &nbsp; Vice-Président – Ondervoorzitter Charles Bruart Rue [&hellip;]</p>

<!-- This site is optimized with the Yoast SEO plugin v27.0 - https://yoast.com/product/yoast-seo-wordpress/ -->
<title>Organigramme ABA - Academy Belgium</title>
<meta name="robots" content="index, follow, max-snippet:-1, max-image-preview:large, max-video-preview:-1" />
<link rel="canonical" href="https://www.academiebelgium.be/fr/organigram-aba/" />
<meta property="og:locale" content="fr_FR" />
<meta property="og:type" content="article" />
<meta property="og:title" content="Organigramme ABA - Academy Belgium" />
<meta property="og:description" content="Conseil d&rsquo;administration &#8211; Bestuur          Sept 2020 &#8211; (update 01.09.2025) Président – Voorzitter Hendrik Slabbinck Rue Grande Duchesse Charlotte 55 L-9515 Wiltz  (Grand Duché du Luxembourg) GSM    +32.475.233938 henk@hslabbinck.eu &nbsp; Vice-Président – Ondervoorzitter Mark Bottu Patijntjestraat  168 9000 Gent Tel    09.2200494 GSM   0475.563229 mark.bottu@telenet.be &nbsp; Vice-Président – Ondervoorzitter Charles Bruart Rue [&hellip;]" />
<meta property="og:url" content="https://www.academiebelgium.be/fr/organigram-aba/" />
<meta property="og:site_name" content="Academy Belgium" />
<meta property="article:modified_time" content="2025-10-10T10:21:16+00:00" />
<meta name="twitter:card" content="summary_large_image" />
<meta name="twitter:label1" content="Durée de lecture estimée" />
	<meta name="twitter:data1" content="1 minute" />
<script type="application/ld+json" class="yoast-schema-graph">{"@context":"https://schema.org","@graph":[{"@type":"WebPage","@id":"https://www.academiebelgium.be/fr/organigram-aba/","url":"https://www.academiebelgium.be/fr/organigram-aba/","name":"Organigramme ABA - Academy Belgium","isPartOf":{"@id":"https://www.academiebelgium.be/nl/#website"},"datePublished":"2021-03-04T08:27:59+00:00","dateModified":"2025-10-10T10:21:16+00:00","breadcrumb":{"@id":"https://www.academiebelgium.be/fr/organigram-aba/#breadcrumb"},"inLanguage":"fr-FR","potentialAction":[{"@type":"ReadAction","target":["https://www.academiebelgium.be/fr/organigram-aba/"]}]},{"@type":"BreadcrumbList","@id":"https://www.academiebelgium.be/fr/organigram-aba/#breadcrumb","itemListElement":[{"@type":"ListItem","position":1,"name":"Home","item":"https://www.academiebelgium.be/fr/home/"},{"@type":"ListItem","position":2,"name":"Organigramme ABA"}]},{"@type":"WebSite","@id":"https://www.academiebelgium.be/nl/#website","url":"https://www.academiebelgium.be/nl/","name":"Academy Belgium","description":"Just another WordPress site","publisher":{"@id":"https://www.academiebelgium.be/nl/#organization"},"potentialAction":[{"@type":"SearchAction","target":{"@type":"EntryPoint","urlTemplate":"https://www.academiebelgium.be/nl/?s={search_term_string}"},"query-input":{"@type":"PropertyValueSpecification","valueRequired":true,"valueName":"search_term_string"}}],"inLanguage":"fr-FR"},{"@type":"Organization","@id":"https://www.academiebelgium.be/nl/#organization","name":"Academy Belgium","url":"https://www.academiebelgium.be/nl/","logo":{"@type":"ImageObject","inLanguage":"fr-FR","@id":"https://www.academiebelgium.be/nl/#/schema/logo/image/","url":"https://www.academiebelgium.be/wp-content/uploads/2018/10/logo.png","contentUrl":"https://www.academiebelgium.be/wp-content/uploads/2018/10/logo.png","width":125,"height":125,"caption":"Academy Belgium"},"image":{"@id":"https://www.academiebelgium.be/nl/#/schema/logo/image/"}}]}</script>
<!-- / Yoast SEO plugin. -->

Conseil d&rsquo;administration &#8211; Bestuur          Sept 2020 &#8211; (update 01.09.2025) Président – Voorzitter Hendrik Slabbinck Rue Grande Duchesse Charlotte 55 L-9515 Wiltz  (Grand Duché du Luxembourg) GSM    +32.475.233938 henk@hslabbinck.eu &nbsp; Vice-Président – Ondervoorzitter Mark Bottu Patijntjestraat  168 9000 Gent Tel    09.2200494 GSM   0475.563229 mark.bottu@telenet.be &nbsp; Vice-Président – Ondervoorzitter Charles Bruart Rue [&hellip;]
